 factor of 2083816?
False
Does 74 divide 244993?
False
Does 214 divide 1838592?
False
Does 45 divide 174555?
True
Does 70 divide 34650?
True
Is 9270 a multiple of 10?
True
Is 153 a factor of 212461?
False
Is 159283 a multiple of 6?
False
Does 285 divide 342855?
True
Does 23 divide 23462392?
True
Does 85 divide 7723100?
True
Is 4074761 a multiple of 29?
True
Is 24 a factor of 260904?
True
Is 5642520 a multiple of 12?
True
Is 244 a factor of 1502308?
True
Is 345 a factor of 7325239?
False
Is 74 a factor of 170274?
True
Is 466863 a multiple of 137?
False
Is 1707123 a multiple of 289?
True
Does 297 divide 116424?
True
Is 96 a factor of 832608?
True
Is 172 a factor of 4574512?
True
Does 275 divide 401775?
True
Is 93801 a multiple of 206?
False
Is 1511165 a multiple of 198?
False
Is 426 a factor of 1269480?
True
Is 254609 a multiple of 14?
False
Does 182 divide 173353?
False
Does 492 divide 206640?
True
Is 11 a factor of 755623?
True
Is 207437 a multiple of 29?
True
Does 517 divide 155617?
True
Is 64 a factor of 420767?
False
Is 8 a factor of 1022016?
True
Is 69 a factor of 203840?
False
Is 9 a factor of 706801?
False
Is 62393 a multiple of 43?
True
Is 192 a factor of 781248?
True
Is 350 a factor of 817250?
True
Does 6 divide 4214105?
False
Does 18 divide 24150?
False
Is 200270 a multiple of 70?
True
Is 455920 a multiple of 164?
True
Is 169 a factor of 77637?
False
Is 21024 a multiple of 292?
True
Is 162976 a multiple of 22?
True
Is 272721 a multiple of 11?
False
Is 16 a factor of 10159575?
False
Is 18 a factor of 514962?
True
Does 232 divide 574987?
False
Is 95 a factor of 558013?
False
Does 4 divide 69344?
True
Is 15760 a multiple of 5?
True
Does 19 divide 2970061?
True
Is 57 a factor of 57741?
True
Is 12 a factor of 244176?
True
Is 649 a factor of 11635272?
True
Is 480 a factor of 1733280?
True
Is 6 a factor of 920922?
True
Is 395 a factor of 17976450?
True
Is 16 a factor of 5184?
True
Is 409331 a multiple of 25?
False
Does 655 divide 16449627?
False
Does 70 divide 2642916?
False
Is 99 a factor of 57490?
False
Is 97333 a multiple of 23?
False
Is 442 a factor of 16086700?
False
Does 508 divide 1097294?
False
Is 18 a factor of 250398?
True
Does 134 divide 27462?
False
Does 29 divide 6977096?
False
Does 23 divide 489530?
False
Is 227 a factor of 402453?
False
Is 918 a factor of 3376404?
True
Does 195 divide 1033287?
False
Is 474399 a multiple of 7?
False
Is 21 a factor of 275132?
False
Does 237 divide 2128996?
False
Does 429 divide 13027443?
True
Is 104842 a multiple of 178?
True
Is 145 a factor of 21488565?
True
Is 135 a factor of 7283520?
True
Is 577770 a multiple of 6?
True
Does 304 divide 3046688?
True
Does 65 divide 8213920?
True
Is 22 a factor of 24162292?
True
Does 30 divide 45960?
True
Is 104 a factor of 192791?
False
Is 336 a factor of 104160?
True
Is 92 a factor of 4622540?
True
Is 1240103 a multiple of 472?
False
Does 71 divide 308850?
True
Does 35 divide 3793125?
True
Does 107 divide 8510566?
True
Is 139 a factor of 363207?
True
Is 96907 a multiple of 148?
False
Is 226 a factor of 290582?
False
Is 228528 a multiple of 18?
True
Is 20163 a multiple of 59?
False
Is 9810 a multiple of 218?
True
Is 3320464 a multiple of 53?
False
Is 9 a factor of 2132523?
True
Is 9365215 a multiple of 461?
True
Is 186732 a multiple of 212?
False
Is 12058470 a multiple of 162?
True
Is 95940 a multiple of 180?
True
Is 68 a factor of 941664?
True
Is 119260 a multiple of 12?
False
Does 17 divide 10489508?
False
Is 416850 a multiple of 15?
True
Is 476 a factor of 3529064?
True
Is 15 a factor of 2570017?
False
Is 18 a factor of 43829?
False
Is 811461 a multiple of 357?
True
Is 36 a factor of 382338?
False
Does 6 divide 3837?
False
Is 11 a factor of 5073245?
False
Is 1468517 a multiple of 29?
False
Does 118 divide 464401?
False
Is 131 a factor of 134537?
True
Is 138388 a multiple of 4?
True
Is 22 a factor of 14827692?
True
Is 86 a factor of 14263808?
False
Is 163104 a multiple of 3?
True
Is 280 a factor of 386960?
True
Does 147 divide 130830?
True
Is 227277 a multiple of 48?
False
Does 16 divide 321856?
True
Is 10121472 a multiple of 736?
True
Is 51 a factor of 141066?
True
Does 178 divide 471018?
False
Does 1323 divide 9905648?
False
Does 48 divide 97359?
False
Is 28 a factor of 1355321?
False
Is 15 a factor of 578287?
False
Is 304648 a multiple of 14?
False
Is 104575 a multiple of 13?
False
Does 54 divide 17334?
True
Is 989164 a multiple of 23?
False
Does 59 divide 1449748?
True
Is 12459 a multiple of 5?
False
Is 21 a factor of 1690353?
True
Does 19 divide 120346?
True
Does 26 divide 230501?
False
Is 768086 a multiple of 40?
False
Is 25187256 a multiple of 63?
False
Is 458 a factor of 644864?
True
Is 311 a factor of 65161?
False
Is 112752 a multiple of 58?
True
Does 318 divide 6094?
False
Is 10 a factor of 1109401?
False
Is 2 a factor of 29859?
False
Is 2655222 a multiple of 14?
False
Is 27019 a multiple of 41?
True
Is 25 a factor of 422655?
False
Does 602 divide 10994326?
True
Is 324310 a multiple of 41?
True
Does 6 divide 136664?
False
Is 145 a factor of 19310810?
True
Does 798 divide 2874225?
False
Is 4030336 a multiple of 92?
True
Does 3 divide 4679?
False
Is 808 a multiple of 404?
True
Does 82 divide 638944?
True
Is 2653989 a multiple of 51?
True
Is 19 a factor of 19071466?
False
Does 65 divide 2689590?
False
Does 397 divide 33348?
True
Is 3841190 a multiple of 86?
True
Is 254 a factor of 112180?
False
Does 15 divide 127905?
True
Is 193663 a multiple of 33?
False
Does 294 divide 11909527?
False
Is 6310500 a multiple of 21?
True
Is 4720800 a multiple of 112?
True
Does 102 divide 786522?
True
Is 435 a factor of 234900?
True
Does 25 divide 3954450?
True
Does 22 divide 563048?
False
Does 46 divide 7734118?
True
Does 20 divide 366360?
True
Is 67 a factor of 28597230?
False
Is 254 a factor of 181356?
True
Is 92898 a multiple of 6?
True
Is 117 a factor of 58032?
True
Does 6 divide 72052?
False
Is 58071 a multiple of 39?
True
Is 18 a factor of 22166?
False
Does 21 divide 9852379?
False
Is 47 a factor of 2528941?
False
Does 159 divide 116826?
False
Does 6 divide 3030?
True
Does 30 divide 714060?
True
Is 3053155 a multiple of 7?
True
Is 9 a factor of 5934?
False
Does 5 divide 1452810?
True
Is 152685 a multiple of 15?
True
Is 376 a factor of 1174311?
False
Is 900760 a multiple of 28?
True
Is 1460844 a multiple of 22?
True
Does 328 divide 340464?
True
Is 6747851 a multiple of 12?
False
Is 27 a factor of 164283?
False
Is 68 a factor of 1847497?
False
Is 242080 a multiple of 90?
False
Is 99470 a multiple of 7?
True
Does 33 divide 11583?
True
Is 4 a factor of 6874986?
False
Is 6 a factor of 6108?
True
Is 6 a factor of 3995437?
False
Is 25 a factor of 24442?
False
Is 56300 a multiple of 35?
False
Does 180 divide 525535?
False
Does 11 divide 84535?
True
Does 296 divide 2320488?
False
Is 178 a factor of 2251522?
True
Is 117702 a multiple of 162?
False
Does 538 divide 60794?
True
Does 16 divide 291824?
True
Is 17 a factor of 194310?
True
Is 4412356 a multiple of 3?
False
Is 49 a factor of 199298?
False
Does 138 divide 967830?
False
Is 911103 a multiple of 279?
False
Is 106508 a multiple of 79?
False
Is 52 a factor of 106535?
False
Is 11501337 a multiple of 952?
False
Is 402 a factor of 1169501?
False
Does 203 divide 216601?
True
Does 528 divide 913440?
True
Is 12626 a multiple of 118?
True
Does 24 divide 121632?
True
Does 105 divide 79445?
False
Is 10954994 a multiple of 2017?
False
Is 207 a factor of 2877817?
False
Is 298224 a multiple of 109?
True
Does 19 divide 1335130?
True
Is 18 a factor of 384350?
False
Is 220 a factor of 142780?
True
Is 4787411 a multiple of 1202?
False
Is 161 a factor of 1624926?
False
Is 198568 a multiple of 6?
False
Is 902772 a multiple of 117?
True
Is 128180 a multiple of 260?
True
Does 47 divide 18753?
True
Is 52098 a multiple of 38?
True
Is 888945 a multiple of 736?
False
Is 6 a factor of 207563?
False
Is 1059300 a multiple of 45?
True
Does 6 divide 183477?
False
Does 8 divide 744632?
True
Is 386 a factor of 8446330?
False
Is 1681 a factor of 6504740?
False
Is 660516 a multiple of 6?
True
Does 180 divide 200304?
False
Is 378 a factor of 11829888?
True
Does 29 divide 140766?
True
Is 6859100 a multiple of 1583?
False
Is 14195389 a multiple of 48